{"id":119,"date":"2020-06-05T18:16:45","date_gmt":"2020-06-05T16:16:45","guid":{"rendered":"http:\/\/transiterre.com\/index.php\/methanisation\/"},"modified":"2025-05-21T12:06:47","modified_gmt":"2025-05-21T10:06:47","slug":"methanisation","status":"publish","type":"page","link":"https:\/\/transiterre.com\/index.php\/methanisation\/","title":{"rendered":"M\u00e9thanisation"},"content":{"rendered":"<div data-colibri-id=\"119-c1\" class=\"style-230 style-local-119-c1 position-relative\">\n  <!---->\n  <div data-colibri-component=\"section\" data-colibri-id=\"119-c2\" id=\"custom\" class=\"h-section h-section-global-spacing d-flex align-items-lg-center align-items-md-center align-items-center style-231 style-local-119-c2 position-relative\">\n    <!---->\n    <!---->\n    <div class=\"h-section-grid-container h-section-boxed-container\">\n      <!---->\n      <div data-colibri-id=\"119-c3\" class=\"h-row-container gutters-row-lg-1 gutters-row-md-1 gutters-row-0 gutters-row-v-lg-1 gutters-row-v-md-1 gutters-row-v-1 style-241 style-local-119-c3 position-relative\">\n        <!---->\n        <div class=\"h-row justify-content-lg-center justify-content-md-center justify-content-center align-items-lg-stretch align-items-md-stretch align-items-stretch gutters-col-lg-1 gutters-col-md-1 gutters-col-0 gutters-col-v-lg-1 gutters-col-v-md-1 gutters-col-v-1\">\n          <!---->\n          <div class=\"h-column h-column-container d-flex h-col-lg-auto h-col-md-auto h-col-auto style-242-outer style-local-119-c4-outer\">\n            <div data-colibri-id=\"119-c4\" class=\"d-flex h-flex-basis h-column__inner h-px-lg-2 h-px-md-2 h-px-2 v-inner-lg-2 v-inner-md-2 v-inner-2 style-242 style-local-119-c4 position-relative\">\n              <!---->\n              <!---->\n              <div class=\"w-100 h-y-container h-column__content h-column__v-align flex-basis-100 align-self-lg-start align-self-md-start align-self-start\">\n                <!---->\n                <div data-colibri-id=\"119-c5\" class=\"h-text h-text-component style-240 style-local-119-c5 position-relative h-element\">\n                  <!---->\n                  <!---->\n                  <div class=\"\">\n                    <p>L&#8217;expertise m\u00e9thanisation \u00e0 taille humaine<\/p>\n                  <\/div>\n                <\/div>\n              <\/div>\n            <\/div>\n          <\/div>\n        <\/div>\n      <\/div>\n      <div data-colibri-id=\"119-c6\" class=\"h-row-container gutters-row-lg-2 gutters-row-md-2 gutters-row-0 gutters-row-v-lg-2 gutters-row-v-md-2 gutters-row-v-2 style-232 style-local-119-c6 position-relative\">\n        <!---->\n        <div class=\"h-row justify-content-lg-center justify-content-md-center justify-content-center align-items-lg-stretch align-items-md-stretch align-items-stretch gutters-col-lg-2 gutters-col-md-2 gutters-col-0 gutters-col-v-lg-2 gutters-col-v-md-2 gutters-col-v-2\">\n          <!---->\n          <div class=\"h-column h-column-container d-flex h-col-lg-auto h-col-md-auto h-col-auto style-233-outer style-local-119-c7-outer\">\n            <div data-colibri-id=\"119-c7\" class=\"d-flex h-flex-basis h-column__inner h-px-lg-2 h-px-md-2 h-px-2 v-inner-lg-2 v-inner-md-2 v-inner-2 style-233 style-local-119-c7 position-relative\">\n              <!---->\n              <!---->\n              <div class=\"w-100 h-y-container h-column__content h-column__v-align flex-basis-100 align-self-lg-center align-self-md-center align-self-center\">\n                <!---->\n                <div data-colibri-id=\"119-c8\" class=\"h-text h-text-component style-236 style-local-119-c8 position-relative h-element\">\n                  <!---->\n                  <!---->\n                  <div class=\"\">\n                    <p>Dans un contexte o\u00f9 la transition \u00e9nerg\u00e9tique devient une n\u00e9cessit\u00e9, la m\u00e9thanisation s&#8217;impose comme une solution d&#8217;avenir pour valoriser nos biod\u00e9chets.<\/p>\n                    <p><strong>Une expertise de proximit\u00e9 au service de vos projets<\/strong><\/p>\n                    <p> TransiTerre cultive une approche personnalis\u00e9e o\u00f9 chaque projet est unique. De la premi\u00e8re r\u00e9flexion \u00e0 l&#8217;exploitation quotidienne, nous tissons avec vous une relation de confiance o\u00f9 l&#8217;expertise se transmet naturellement. Notre mission\n                      : vous donner les cl\u00e9s pour apprivoiser l&#8217;environnement r\u00e9glementaire et d\u00e9velopper une v\u00e9ritable autonomie dans la gestion de votre unit\u00e9 de m\u00e9thanisation. Cette philosophie se traduit par un accompagnement de A \u00e0 Z, depuis l&#8217;\u00e9tude\n                      de faisabilit\u00e9 jusqu&#8217;\u00e0 la mise en service des installations et tout au long de sa dur\u00e9e de fonctionnement.<\/p>\n                  <\/div>\n                <\/div>\n                <div data-colibri-id=\"119-c9\" class=\"d-block style-376 style-local-119-c9 position-relative h-element\">\n                  <!---->\n                  <div class=\"h-image__frame-container-outer\">\n                    <div class=\"h-image__frame-container\">\n                      <!---->\n                      <!---->\n                      <img loading=\"lazy\" decoding=\"async\" width=\"2219\" height=\"1238\" src=\"https:\/\/transiterre.com\/wp-content\/uploads\/2025\/01\/cropped-AdobeStock_349582227-scaled-1.jpeg\" class=\"wp-image-959 style-376-image style-local-119-c9-image\" alt=\"\" srcset=\"https:\/\/transiterre.com\/wp-content\/uploads\/2025\/01\/cropped-AdobeStock_349582227-scaled-1.jpeg 2219w, https:\/\/transiterre.com\/wp-content\/uploads\/2025\/01\/cropped-AdobeStock_349582227-scaled-1-300x167.jpeg 300w, https:\/\/transiterre.com\/wp-content\/uploads\/2025\/01\/cropped-AdobeStock_349582227-scaled-1-1024x571.jpeg 1024w, https:\/\/transiterre.com\/wp-content\/uploads\/2025\/01\/cropped-AdobeStock_349582227-scaled-1-768x428.jpeg 768w, https:\/\/transiterre.com\/wp-content\/uploads\/2025\/01\/cropped-AdobeStock_349582227-scaled-1-1536x857.jpeg 1536w, https:\/\/transiterre.com\/wp-content\/uploads\/2025\/01\/cropped-AdobeStock_349582227-scaled-1-2048x1143.jpeg 2048w\" sizes=\"auto, (max-width: 2219px) 100vw, 2219px\" \/>\n                      <div class=\"h-image__frame h-hide-lg h-hide-md h-hide-sm style-376-frameImage style-local-119-c9-frameImage\"><\/div>\n                    <\/div>\n                  <\/div>\n                <\/div>\n                <div data-colibri-id=\"119-c10\" class=\"h-text h-text-component style-381 style-local-119-c10 position-relative h-element\">\n                  <!---->\n                  <!---->\n                  <div class=\"\">\n                    <p><strong>Des comp\u00e9tences \u00e9prouv\u00e9es sur tout le territoire<\/strong><\/p>\n                    <p>Le bureau d&#8217;\u00e9tudes intervient sur des projets vari\u00e9s, de la petite unit\u00e9 agricole aux installations territoriales d&#8217;envergure. Ses accompagnements d\u2019une vingtaine de sites depuis 2020 t\u00e9moignent de cette polyvalence, sur des unit\u00e9s\n                      de m\u00e9thanisation&nbsp;: en cog\u00e9n\u00e9ration comme en injection, accompagnement de projets agricoles et\/ou territoriaux traitant jusqu&#8217;\u00e0 plus de 35 000 tonnes de d\u00e9chets par an, expertise en valorisation des biod\u00e9chets et sous-produits\n                      animaux, en phase amont des projets ou sur des sites en fonctionnement.<\/p>\n                    <p><strong>L&#8217;ind\u00e9pendance au c\u0153ur de notre approche<\/strong><\/p>\n                    <p>En tant que structure ind\u00e9pendante, TransiTerre garantit des conseils objectifs, uniquement guid\u00e9s par l&#8217;int\u00e9r\u00eat du projet et sa p\u00e9rennit\u00e9. Cette ind\u00e9pendance permet d&#8217;adapter les solutions aux sp\u00e9cificit\u00e9s de chaque territoire et\n                      aux besoins r\u00e9els des porteurs de projet.<\/p>\n                  <\/div>\n                <\/div>\n              <\/div>\n            <\/div>\n          <\/div>\n          <div class=\"h-column h-column-container d-flex h-col-lg-auto h-col-md-auto h-col-auto style-234-outer style-local-119-c11-outer\">\n            <div data-colibri-id=\"119-c11\" class=\"d-flex h-flex-basis h-column__inner h-px-lg-2 h-px-md-2 h-px-2 v-inner-lg-2 v-inner-md-2 v-inner-2 style-234 style-local-119-c11 position-relative\">\n              <!---->\n              <!---->\n              <div class=\"w-100 h-y-container h-column__content h-column__v-align flex-basis-100 align-self-lg-start align-self-md-start align-self-start\">\n                <!---->\n                <div data-colibri-id=\"119-c12\" class=\"d-block style-237 style-local-119-c12 position-relative h-element\">\n                  <!---->\n                  <div class=\"h-image__frame-container-outer\">\n                    <div class=\"h-image__frame-container\">\n                      <!---->\n                      <!---->\n                      <img loading=\"lazy\" decoding=\"async\" width=\"1928\" height=\"1303\" src=\"https:\/\/transiterre.com\/wp-content\/uploads\/2025\/01\/cropped-cropped-AdobeStock_893640757-scaled-1.jpeg\" class=\"wp-image-958 style-237-image style-local-119-c12-image\" alt=\"\" srcset=\"https:\/\/transiterre.com\/wp-content\/uploads\/2025\/01\/cropped-cropped-AdobeStock_893640757-scaled-1.jpeg 1928w, https:\/\/transiterre.com\/wp-content\/uploads\/2025\/01\/cropped-cropped-AdobeStock_893640757-scaled-1-300x203.jpeg 300w, https:\/\/transiterre.com\/wp-content\/uploads\/2025\/01\/cropped-cropped-AdobeStock_893640757-scaled-1-1024x692.jpeg 1024w, https:\/\/transiterre.com\/wp-content\/uploads\/2025\/01\/cropped-cropped-AdobeStock_893640757-scaled-1-768x519.jpeg 768w, https:\/\/transiterre.com\/wp-content\/uploads\/2025\/01\/cropped-cropped-AdobeStock_893640757-scaled-1-1536x1038.jpeg 1536w\" sizes=\"auto, (max-width: 1928px) 100vw, 1928px\" \/>\n                      <div class=\"h-image__frame h-hide-lg h-hide-md h-hide-sm style-237-frameImage style-local-119-c12-frameImage\"><\/div>\n                    <\/div>\n                  <\/div>\n                <\/div>\n                <div data-colibri-id=\"119-c13\" class=\"h-text h-text-component style-387 style-local-119-c13 position-relative h-element\">\n                  <!---->\n                  <!---->\n                  <div class=\"\">\n                    <p><strong>La force d&#8217;un r\u00e9seau entrepreneurial innovant<\/strong><\/p>\n                    <p>Membre de la SCOP Oxalis, TransiTerre s&#8217;inscrit dans un r\u00e9seau d&#8217;entrepreneurs engag\u00e9s dans l&#8217;\u00e9conomie sociale et solidaire. Cette appartenance permet de mobiliser si n\u00e9cessaire des comp\u00e9tences compl\u00e9mentaires (urbanistes, paysagistes,\n                      experts techniques) pour une approche globale des projets.<\/p>\n                    <p><strong>Un accompagnement complet et sur-mesure<\/strong><\/p>\n                    <p>Notre expertise couvre l&#8217;ensemble des besoins, que ce soit au stade :<\/p>\n                    <p>&#8211; de l\u2019id\u00e9e (\u00e9tudes d\u2019opportunit\u00e9 ou de faisabilit\u00e9),<\/p>\n                    <p>&#8211; du projet (demandes de subvention et de raccordement\/injection, accompagnement au montage financier, r\u00e9ponse \u00e0 appel \u00e0 projet),<\/p>\n                    <p>&#8211; au moment de la mise en service (constitution des dossiers r\u00e9glementaires ICPE\/Agr\u00e9ment sanitaire et dialogue avec les administrations en charge, accompagnement \u00e0 la certification&nbsp;RED II)<\/p>\n                    <p>&#8211; ou \u00e0 tout moment charni\u00e8re des sites (porter-\u00e0-connaissance pour \u00e9volution du site, suivi administratif et r\u00e9glementaire, etc.).<\/p>\n                    <p>\n                      <br>\n                    <\/p>\n                    <p>Implant\u00e9 pr\u00e8s de Chamb\u00e9ry, au c\u0153ur des Alpes, TransiTerre peut aussi intervenir sur l&#8217;ensemble du territoire national, comme en t\u00e9moignent ses r\u00e9f\u00e9rences de la Normandie \u00e0 la Provence, en passant par l&#8217;Auvergne-Rh\u00f4ne-Alpes.<\/p>\n                  <\/div>\n                <\/div>\n              <\/div>\n            <\/div>\n          <\/div>\n        <\/div>\n      <\/div>\n    <\/div>\n  <\/div>\n  <div data-colibri-component=\"section\" data-colibri-id=\"119-c14\" id=\"custom-2\" class=\"h-section h-section-global-spacing d-flex align-items-lg-center align-items-md-center align-items-center style-389 style-local-119-c14 position-relative\">\n    <!---->\n    <!---->\n    <div class=\"h-section-grid-container h-section-boxed-container\">\n      <!---->\n      <div data-colibri-id=\"119-c15\" class=\"h-row-container gutters-row-lg-2 gutters-row-md-2 gutters-row-0 gutters-row-v-lg-2 gutters-row-v-md-2 gutters-row-v-2 style-390 style-local-119-c15 position-relative\">\n        <!---->\n        <div class=\"h-row justify-content-lg-center justify-content-md-center justify-content-center align-items-lg-stretch align-items-md-stretch align-items-stretch gutters-col-lg-2 gutters-col-md-2 gutters-col-0 gutters-col-v-lg-2 gutters-col-v-md-2 gutters-col-v-2\">\n          <!---->\n          <div class=\"h-column h-column-container d-flex h-col-lg-auto h-col-md-auto h-col-auto style-391-outer style-local-119-c16-outer\">\n            <div data-colibri-id=\"119-c16\" class=\"d-flex h-flex-basis h-column__inner h-px-lg-2 h-px-md-2 h-px-2 v-inner-lg-2 v-inner-md-2 v-inner-2 style-391 style-local-119-c16 position-relative\">\n              <!---->\n              <!---->\n              <div class=\"w-100 h-y-container h-column__content h-column__v-align flex-basis-100 align-self-lg-start align-self-md-start align-self-start\">\n                <!---->\n                <div data-colibri-id=\"119-c17\" class=\"h-x-container style-355 style-local-119-c17 position-relative h-element\">\n                  <!---->\n                  <div class=\"h-x-container-inner style-dynamic-119-c17-group style-355-spacing style-local-119-c17-spacing\"><span class=\"h-button__outer style-356-outer style-local-119-c18-outer d-inline-flex h-element\"><a h-use-smooth-scroll=\"true\" href=\"https:\/\/drive.google.com\/file\/d\/1HyQ6ciNWy_yM-WYxxRXd-C8BFO6E88uo\/view?usp=sharing\" target=\"_blank\"  data-colibri-id=\"119-c18\" class=\"d-flex w-100 align-items-center h-button justify-content-lg-center justify-content-md-center justify-content-center style-356 style-local-119-c18 position-relative\"><!----><!----> <span>T\u00e9l\u00e9charger les r\u00e9f\u00e9rences r\u00e9centes<\/span><\/a>\n                    <\/span>\n                  <\/div>\n                <\/div>\n              <\/div>\n            <\/div>\n          <\/div>\n          <div class=\"h-column h-column-container d-flex h-col-lg-auto h-col-md-auto h-col-auto style-392-outer style-local-119-c19-outer\">\n            <div data-colibri-id=\"119-c19\" class=\"d-flex h-flex-basis h-column__inner h-px-lg-2 h-px-md-2 h-px-2 v-inner-lg-2 v-inner-md-2 v-inner-2 style-392 style-local-119-c19 position-relative\">\n              <!---->\n              <!---->\n              <div class=\"w-100 h-y-container h-column__content h-column__v-align flex-basis-100 align-self-lg-start align-self-md-start align-self-start\">\n                <!---->\n                <div data-colibri-id=\"119-c20\" class=\"h-x-container style-245 style-local-119-c20 position-relative h-element\">\n                  <!---->\n                  <div class=\"h-x-container-inner style-dynamic-119-c20-group style-245-spacing style-local-119-c20-spacing\"><span class=\"h-button__outer style-246-outer style-local-119-c21-outer d-inline-flex h-element\"><a h-use-smooth-scroll=\"true\" href=\"https:\/\/transiterre.com\/index.php\/contact\"  data-colibri-id=\"119-c21\" class=\"d-flex w-100 align-items-center h-button justify-content-lg-center justify-content-md-center justify-content-center style-246 style-local-119-c21 position-relative\"><!----><!----> <span>Demande d&#8217;information<\/span><\/a>\n                    <\/span>\n                  <\/div>\n                <\/div>\n              <\/div>\n            <\/div>\n          <\/div>\n        <\/div>\n      <\/div>\n    <\/div>\n  <\/div>\n<\/div>","protected":false},"excerpt":{"rendered":"<p>L&#8217;expertise m\u00e9thanisation \u00e0 taille humaine Dans un contexte o\u00f9 la transition \u00e9nerg\u00e9tique devient une n\u00e9cessit\u00e9, la m\u00e9thanisation s&#8217;impose comme une solution d&#8217;avenir pour valoriser nos biod\u00e9chets. Une expertise de proximit\u00e9 au service de vos projets TransiTerre cultive une approche personnalis\u00e9e o\u00f9 chaque projet est unique. De la premi\u00e8re r\u00e9flexion \u00e0 l&#8217;exploitation quotidienne, nous tissons avec [&hellip;]<\/p>\n","protected":false},"author":1,"featured_media":0,"parent":0,"menu_order":0,"comment_status":"closed","ping_status":"closed","template":"page-templates\/full-width-page.php","meta":{"footnotes":""},"class_list":["post-119","page","type-page","status-publish","hentry"],"_links":{"self":[{"href":"https:\/\/transiterre.com\/index.php\/wp-json\/wp\/v2\/pages\/119","targetHints":{"allow":["GET"]}}],"collection":[{"href":"https:\/\/transiterre.com\/index.php\/wp-json\/wp\/v2\/pages"}],"about":[{"href":"https:\/\/transiterre.com\/index.php\/wp-json\/wp\/v2\/types\/page"}],"author":[{"embeddable":true,"href":"https:\/\/transiterre.com\/index.php\/wp-json\/wp\/v2\/users\/1"}],"replies":[{"embeddable":true,"href":"https:\/\/transiterre.com\/index.php\/wp-json\/wp\/v2\/comments?post=119"}],"version-history":[{"count":20,"href":"https:\/\/transiterre.com\/index.php\/wp-json\/wp\/v2\/pages\/119\/revisions"}],"predecessor-version":[{"id":1308,"href":"https:\/\/transiterre.com\/index.php\/wp-json\/wp\/v2\/pages\/119\/revisions\/1308"}],"wp:attachment":[{"href":"https:\/\/transiterre.com\/index.php\/wp-json\/wp\/v2\/media?parent=119"}],"curies":[{"name":"wp","href":"https:\/\/api.w.org\/{rel}","templated":true}]}}